st common divisor of 1834 and 1582?
14
Calculate the greatest common factor of 33 and 202290.
33
Calculate the greatest common factor of 301 and 141470.
301
Calculate the greatest common divisor of 112 and 4024.
8
What is the highest common factor of 318 and 153?
3
Calculate the highest common factor of 17603 and 29.
29
What is the greatest common factor of 14798 and 4018?
98
What is the greatest common factor of 20048 and 3024?
112
Calculate the greatest common divisor of 30209 and 34.
17
What is the highest common factor of 232 and 239018?
58
Calculate the highest common divisor of 9000 and 504.
72
Calculate the highest common divisor of 315 and 223545.
105
Calculate the highest common factor of 260 and 3304210.
130
Calculate the greatest common factor of 577347 and 3568.
223
Calculate the highest common divisor of 32 and 233.
1
What is the greatest common factor of 6942 and 1313?
13
Calculate the highest common factor of 164040 and 15.
15
Calculate the highest common factor of 18616 and 48.
8
What is the greatest common factor of 216151 and 4563?
169
What is the greatest common divisor of 1520 and 5409680?
1520
What is the highest common factor of 54 and 14802?
6
Calculate the greatest common divisor of 344 and 48547.
43
What is the greatest common divisor of 25320 and 137640?
120
What is the greatest common divisor of 105436 and 15308?
172
What is the highest common divisor of 1554036 and 12?
12
Calculate the greatest common factor of 4213 and 3773.
11
What is the greatest common divisor of 2376 and 684?
36
Calculate the highest common factor of 2358 and 3013.
131
What is the highest common factor of 342 and 5649498?
342
What is the highest common divisor of 108 and 80?
4
What is the greatest common factor of 48 and 842640?
48
What is the greatest common divisor of 7036065 and 2430?
1215
What is the greatest common factor of 11050 and 57018?
442
What is the greatest common factor of 18358 and 5206?
274
What is the greatest common divisor of 3348 and 1302?
186
Calculate the highest common factor of 102 and 174080.
34
What is the highest common divisor of 105996 and 21900?
876
What is the highest common divisor of 14391 and 511147?
533
Calculate the greatest common factor of 2742 and 2226.
6
What is the greatest common divisor of 58114 and 42?
14
Calculate the greatest common divisor of 912 and 552216.
456
What is the highest common divisor of 252 and 42819?
21
Calculate the greatest common factor of 614496 and 173.
173
What is the greatest common factor of 132 and 989736?
132
Calculate the highest common factor of 133501 and 17.
17
Calculate the highest common factor of 13321 and 231.
77
Calculate the greatest common divisor of 1888 and 6752.
32
Calculate the highest common factor of 381 and 729361.
127
Calculate the highest common divisor of 386721 and 459.
27
What is the greatest common divisor of 741 and 4251?
39
Calculate the greatest common factor of 543007 and 23.
23
Calculate the highest common factor of 2400 and 185700.
300
Calculate the greatest common factor of 41501 and 94.
47
Calculate the highest common factor of 294 and 450212.
98
Calculate the highest common divisor of 28690 and 177274.
302
What is the highest common divisor of 5177 and 1503?
167
Calculate the highest common factor of 12 and 4933860.
12
Calculate the greatest common factor of 1095022 and 16398.
1822
Calculate the highest common divisor of 29341 and 4329.
481
What is the highest common factor of 10881 and 10974?
93
What is the highest common divisor of 1097130 and 60?
30
Calculate the greatest common factor of 160 and 80.
80
What is the highest common divisor of 10 and 463450?
10
Calculate the greatest common divisor of 48 and 5148.
12
What is the highest common divisor of 90 and 321?
3
Calculate the greatest common factor of 106688 and 192.
64
What is the greatest common divisor of 7791 and 588?
147
What is the highest common divisor of 4338 and 234?
18
Calculate the highest common divisor of 1684 and 384.
4
Calculate the greatest common factor of 3938363 and 143.
143
Calculate the greatest common factor of 4068 and 37516.
452
What is the greatest common divisor of 17833 and 3281?
17
What is the greatest common divisor of 267596 and 608?
76
Calculate the greatest common divisor of 12 and 28708.
4
Calculate the highest common factor of 448360 and 160.
40
Calculate the highest common factor of 312 and 63528.
24
Calculate the greatest common divisor of 5773 and 6647.
23
Calculate the greatest common divisor of 6030 and 360.
90
What is the highest common factor of 3385 and 860?
5
What is the highest common divisor of 226 and 669977?
113
Calculate the greatest common divisor of 585 and 2015.
65
What is the greatest common factor of 135 and 151605?
135
What is the greatest common divisor of 114 and 111017?
19
Calculate the highest common divisor of 793 and 4589.
13
Calculate the greatest common divisor of 905394 and 6.
6
What is the highest common divisor of 3 and 1691?
1
Calculate the greatest common divisor of 1952 and 61.
61
What is the highest common divisor of 4685973 and 291?
291
What is the greatest common divisor of 295789 and 143?
13
What is the highest common divisor of 221 and 976616?
17
Calculate the greatest common factor of 897702 and 390.
78
What is the highest common divisor of 19 and 7277?
19
Calculate the greatest common divisor of 3264 and 22440.
408
What is the greatest common factor of 924 and 964502?
154
Calculate the highest common divisor of 97182 and 18.
18
Calculate the highest common divisor of 256 and 67792.
16
Calculate the greatest common divisor of 1960154 and 399.
133
Calculate the highest common divisor of 2300 and 294300.
100
Calculate the highest common factor of 65 and 501995.
65
Calculate the highest common divisor of 24 and 1192.
8
Calculate the highest common divisor of 90 and 170895.
15
Calculate the greatest common divisor of 58675 and 50.
25
Calculate the greatest common factor of 2665 and 4615.
65
Calculate the highest common factor of 546 and 1072890.
546
Calculate the greatest common factor of 354825 and 332.
83
Calculate the highest common factor of 99 and 921327.
33
What is the greatest common factor of 30954 and 336?
42
Calculate the greatest common divisor of 7000 and 3112.
8
Calculate the greatest common divisor of 1596 and 230964.
228
What is the highest common factor of 549190 and 45?
5
What is the greatest common factor of 34292 and 24?
4
Calculate the greatest common divisor of 35980 and 3780.
140
Calculate the highest common factor of 335432 and 368.
184
What is the highest common divisor of 7392 and 8736?
672
What is the greatest common factor of 110340 and 180?
180
Calculate the greatest common factor of 2849 and 30969.
37
Calculate the greatest common factor of 1113 and 9328.
53
Calculate the highest common divisor of 1674 and 12369.
93
Calculate the highest common factor of 9 and 755721.
9
Calculate the highest common factor of 54 and 30474.
18
Calculate the highest common divisor of 2089 and 11.
1
Calculate the greatest common factor of 252 and 59311.
7
What is the greatest common divisor of 5 and 103585?
5
Calculate the highest common divisor of 55279 and 136633.
1043
Calculate the greatest common factor of 514670 and 260.
130
Calculate the highest common divisor of 10080 and 18186.
42
What is the greatest common factor of 116912 and 16?
16
What is the highest common divisor of 46749 and 213?
3
What is the greatest common divisor of 27118 and 2821?
91
Calculate the highest common divisor of 1528982 and 2366.
182
What is the greatest common factor of 504 and 24507?
63
What is the greatest common factor of 6570 and 450?
90
Calculate the greatest common factor of 17910 and 3015.
45
Calculate the greatest common divisor of 1521 and 15.
3
Calculate the highest common factor of 73786 and 158.
158
What is the greatest common factor of 24108 and 2310?
42
Calculate the greatest common divisor of 18 and 36732.
6
What is the highest common factor of 630 and 8570730?
210
Calculate the greatest common divisor of 36 and 23676.
12
Calculate the greatest common divisor of 488 and 14091.
61
Calculate the highest common factor of 216048 and 672.
336
What is the greatest common factor of 24 and 409764?
12
What is the g